ppose -3 = -4*c - 23. Let a = c + 7. Suppose a*b = 11 + 5. List the prime factors of b.
2
Let h = 51 + -74. Let z = -8 - h. List the prime factors of z.
3, 5
List the prime factors of ((-9)/(-5))/(4/40).
2, 3
Suppose 3*l - 27 = 3*w, 5*l - 34 = 3*w + 17. Let o = 30 - l. List the prime factors of o.
2, 3
List the prime factors of (-19)/(-3*(-1)/(-3)).
19
Let k(q) = 7*q**2 + q - 12. Let n(c) = 8*c**2 + 2*c - 13. Let y(a) = 4*k(a) - 3*n(a). What are the prime factors of y(4)?
47
Let z(j) = -j**3 + 7*j**2 - 6*j + 5. Let f be z(6). Suppose 0 = -f*c + 2*c - 15. Let x(q) = -q**2 - 8*q - 7. List the prime factors of x(c).
2
Let u be (-10)/(-4)*(-16)/(-20). Let c = 2 + u. List the prime factors of 5 - 1/((-2)/c).
7
Let a(o) = o - 16. Let f be a(12). Let i be (-2 + -2)/(1/f). Suppose 0 = -0*m - 2*m + i. What are the prime factors of m?
2
Let s(u) = -u**3 + 2*u**2 + 0 - 15*u - 4 + 3*u - 12*u**2. Let x be s(-9). Suppose x = 4*j - 61. List the prime factors of j.
3, 7
Suppose -4 - 6 = -5*a. Suppose -o - 1 = a*g - 4, -3*g = 4*o - 2. Suppose -2*d = 0, 0 = w + g*w - 5*d - 12. What are the prime factors of w?
2
Let s(n) be the first derivative of n**3/3 - n**2 - 3*n + 2. Let z be s(-2). Suppose 8 = -4*m, -3 = -r + z*m + 10. List the prime factors of r.
3
Suppose -3*j = -17 + 2. Suppose -x - 5 + 0 = -3*l, j*x - 13 = -4*l. What are the prime factors of l?
2
Let k = -8 + 11. Suppose -2*r - k*r = -20. Suppose 4*q + 5*o - 20 = 0, r*o = -2*q + 6 + 4. What are the prime factors of q?
5
Suppose 0 - 4 = -j. Suppose -g = 5*k - 0*g - 18, 0 = -j*g + 12. Suppose -4 = -k*o + 4*p, 4*o - 26 = -o - 3*p. List the prime factors of o.
2
Let s = 31 + -17. Let q = s + 1. What are the prime factors of q?
3, 5
Let a be (-60)/(-10) - (-2)/(-4)*2. Let i be 8/3 - (-2)/6. Let z = a - i. What are the prime factors of z?
2
Let c(w) = w**3 - 4*w**2 - 9*w + 1. Let t be (-2 + 16/6)*9. Let i be c(t). Suppose i = 3*j + z, 2*j - 3*z - 2*z = -10. What are the prime factors of j?
5
Let b = 624 + -353. What are the prime factors of b?
271
Let s = 67 - 21. Suppose 2*z - z - s = 0. Suppose -5*b - 1 = -z. What are the prime factors of b?
3
Let y be 20/(-15)*75/(-2). Let z be 1*(1 + (-6)/(-3)). List the prime factors of y/15 - 1/z.
3
Let k = 41 - -32. Let d = -38 + k. List the prime factors of d.
5, 7
Let l be 1*(-2)/(2/9). Let k(r) = -697 + 9*r**2 + r + r**3 + 708 + 0*r**2. List the prime factors of k(l).
2
Let p(c) = -c**3 - c**2 - 3*c + 2. What are the prime factors of p(-3)?
29
Let z(x) = -2*x + 2. Let m be z(-7). List the prime factors of ((-6)/(-4))/(12/m).
2
Let k(q) = q**3 + 6*q**2 - 10*q - 2. Let x be k(-7). Let w = 35 - x. Let j = 28 - w. List the prime factors of j.
2, 3
Let z(r) = r**2 - 4*r + 1. Let w be z(5). Let s be ((-4)/w)/((-6)/27). List the prime factors of (-1 + 0 - s)*-1.
2
Let w be (2 - 1)*294/6. Suppose 3*n = 3*t + w + 11, 3*t - 60 = -5*n. What are the prime factors of n?
3, 5
Suppose -7 - 5 = -d. What are the prime factors of d?
2, 3
Let w(m) = 20*m**3 - 3*m**2 + 3*m - 1. List the prime factors of w(1).
19
Suppose 3*g - d - 24 = -0*d, 0 = -5*g - 5*d + 20. List the prime factors of g.
7
Let f = -1 + -3. Let o(n) = n + 1. Let g(c) = -5*c - 2. Let i(v) = f*o(v) - g(v). What are the prime factors of i(7)?
5
Suppose 42 = 9*j - 6*j. List the prime factors of j.
2, 7
Let i = -11 + 5. Let b be -1*16*3/i. Let g = 18 - b. List the prime factors of g.
2, 5
Suppose 2*d + 6 - 23 = -3*v, -3*d + 15 = v. Let p = 8 - d. Suppose p*c - 7*g = -2*g + 57, 2*c - 41 = 5*g. List the prime factors of c.
2
Let c = 43 - 5. List the prime factors of c.
2, 19
Let c(w) = -w**3 + 11*w**2 - 5*w - 5. Let n be (-42)/(-4) - (-3)/(-6). List the prime factors of c(n).
3, 5
Let l = 124 + -89. Suppose l = 4*d + d. What are the prime factors of d?
7
Suppose -2*b + 94 = -20. List the prime factors of b.
3, 19
Let g(z) = -2*z - 4. What are the prime factors of g(-3)?
2
Let f(h) = h**2 + 5*h + 4. Let n be f(-4). Let m = n - -5. Suppose 4*p + 0*w = -w + 43, -m*p + w + 65 = 0. What are the prime factors of p?
2, 3
Let a be (0 - -41)*2/2. Suppose 4*y - 3 - a = 0. What are the prime factors of y?
11
Let r be -1 + ((-6)/(-2))/(-1). Let c = r + 9. Let l = c - -4. What are the prime factors of l?
3
Suppose 0 = 4*x - 3*x - 9. Suppose -5*s = -x - 1. Let b = s - -1. What are the prime factors of b?
3
Let n be (41 + 4/(-4))*-1. List the prime factors of 114/10 - 24/n.
2, 3
Suppose -2*j + 128 = -2*y, 4*j + 5*y - 283 + 72 = 0. List the prime factors of j.
59
Suppose 9 = 4*j + 61. Let c = j + 20. List the prime factors of c.
7
Suppose -24 + 8 = -2*p. Suppose 0 = -5*j + p*j - 150. List the prime factors of j.
2, 5
Let c(f) = f**3 + f**2 - 2*f + 1. Let x be c(2). Suppose 0 = 2*q - 1 - x, 3*t = -2*q + 4. What are the prime factors of 15 + 0 + t/2?
2, 7
Suppose h + 340 = 3*y - 10, -4*h - 338 = -3*y. What are the prime factors of y?
2, 59
Let b(r) = 12*r**2 + 3*r - 3. List the prime factors of b(-2).
3, 13
Let v(l) = l**3 + 3*l**2 - 7*l - 5. Let c be v(-4). What are the prime factors of (-3 - -2) + c + -1?
5
Suppose -10*j + 3892 = 4*j. List the prime factors of j.
2, 139
Let k be 14/(-56) - 1/(-4). Suppose k = -x - 6 + 53. What are the prime factors of x?
47
Suppose -p + 3*j = -3, 0*p + 4*p = 4*j + 52. Suppose -110 + 23 = -5*n + 2*f, 0 = n - f - p. List the prime factors of n.
17
Let v(a) = -a**3 - 3*a**2 - 2*a + 2. Let u be v(-2). Suppose -4*y + 2*r = 68, 2*r = 2*y - y + 23. List the prime factors of y/(-2 + -1)*u.
2, 5
What are the prime factors of (-55)/(-2)*266/95?
7, 11
Suppose -109 = -3*z + 2*j, -3*z + 2*j = -2*z - 31. What are the prime factors of z?
3, 13
List the prime factors of (2 - 1)/(4/20).
5
Let y be -2 + (1 - 0)*38. Suppose 3*x - y = -x. What are the prime factors of x?
3
Suppose -3*f = 2*f - 25. Suppose -f*t = -48 + 3. What are the prime factors of t?
3
Let n(j) = -j + 6. List the prime factors of n(-3).
3
Let k(z) = -z**2 + 5*z - 4. Let d be k(3). Suppose 0*b = d*b - 10. List the prime factors of b.
5
Suppose -3*g + 3 = 6. Let b(h) = -30*h. List the prime factors of b(g).
2, 3, 5
Let y(b) = 6*b - 43. What are the prime factors of y(13)?
5, 7
List the prime factors of -2 + (-11)/(1/(-1)).
3
Let w = 10 + -3. Let i = -1 + w. Let p = i - -2. List the prime factors of p.
2
Let t(g) = -g + 9. Let m be t(8). List the prime factors of -3 + 6 + (3 - m).
5
Let m be 10*(2 + -2 + 1). Let t = 15 - m. What are the prime factors of t?
5
Let h(t) = 4*t**2 - t - 3. Let f(m) = 2*m**2 + 4*m + 3. Let n be f(-2). Let y be h(n). Suppose 0 = 3*b + 6 - y. What are the prime factors of b?
2
Suppose p + 154 = -4*p - 4*r, 3*p + 2*r = -92. Let h = p + 17. Let w(c) = -c**2 - 14*c - 4. What are the prime factors of w(h)?
3
Let q = 1 + 1. List the prime factors of (2/1)/(q/15).
3, 5
Let n = -38 - -85. List the prime factors of n.
47
Suppose 86 = 4*a - 2*k, k - 51 = -3*a - 2*k. List the prime factors of a.
2, 5
Suppose -4*n - 32 = -6*n. Suppose 22 = 2*d - n. What are the prime factors of d?
19
Suppose r = 4*r - 18. Suppose r*c = 3*c. Suppose 5*p + 0*p - 50 = c. List the prime factors of p.
2, 5
Let s = 6 - 12. Let x be (-8)/(-6)*s/(-4). Suppose -x*v + 10 = -v - 4*w, -3*w = -3*v + 21. What are the prime factors of v?
2, 3
Let c = -644 + 965. What are the prime factors of c?
3, 107
Suppose -2*y + 3 = -4*z + 11, 8 = 2*y. Suppose z*q = q + 72. List the prime factors of q.
2, 3
Suppose -4*i + 75 = 23. What are the prime factors of i?
13
Let y = -16 - -9. Suppose -14 = 4*a - 2*i, -a - i - 2 + 3 = 0. Let t = a - y. List the prime factors of t.
5
Let u = 4 + 0. Suppose 19 = -3*p + 4, u = 3*h + p. What are the prime factors of h?
3
Let u = 1 + 23. What are the prime factors of u?
2, 3
Let d = -13 - -18. Suppose 0 = 4*a - d - 11. List the prime factors of a.
2
Suppose 4*a + 30 = 166. What are the prime factors of a?
2, 17
Suppose 3*q + 340 = 5*j, q + 408 = 5*j + 68. What are the prime factors of j?
2, 17
Let f be (3/6)/(2/(-12)). Let l be (-4)/6 - 47/f. Suppose 0 = -3*q + l, 3*x + 2*q + q = 33. List the prime factors of x.
2, 3
Suppose -3*h + h + 40 = 0. What are the prime factors of h?
2, 5
Suppose -2*l + 2 + 6 = 0. Suppose 2*p = -0 + l. Suppose c + z - 6 = -2*z, -p = -c - 5*z. What are the prime factors of c?
2, 3
What are the prime factors of (90/(-4))/(-5